l - 496294. What is p(-28)?
6
Let d(u) = 2076*u + 367454. Give d(-177).
2
Let s(q) = -2*q**2 + 6337*q - 75785. Calculate s(12).
-29
Let w(b) = -198441*b + 2579732. Determine w(13).
-1
Let i(k) = -30*k**3 - 14*k**2 + 79*k + 226. Give i(-3).
673
Let z(u) = -15*u**3 - 8*u**2 - 73*u - 199. What is z(-3)?
353
Let m(l) = l**3 + 68*l**2 + 621*l - 19. Give m(-11).
47
Let z(i) = -10108*i - 283038. Calculate z(-28).
-14
Let t(l) = -7355*l + 125046. Calculate t(17).
11
Let l(o) = 3*o**3 - 11*o**2 - 26*o - 69. What is l(12)?
3219
Let y(s) = -2*s**3 + 37*s**2 - 55*s + 283. Give y(19).
-1123
Let f(k) = -844*k**2 - 59923*k + 78. Determine f(-71).
7
Let r(z) = 13588*z - 434838. Give r(32).
-22
Let u(q) = -q**3 - 185*q**2 + 1531*q - 902. Give u(-193).
1607
Let t(y) = y**3 - 58*y**2 - 74*y + 1527. Determine t(59).
642
Let c(p) = 21*p**2 + 10475*p - 2101. Determine c(-499).
-105
Let m(w) = -3238*w + 58091. Determine m(18).
-193
Let c(u) = -u**3 - 128*u**2 + 3653*u - 122. What is c(24)?
-2
Let t(a) = -122119*a - 732714. Give t(-6).
0
Let n(f) = -f**3 + 124*f**2 + 1185*f - 57. Give n(-9).
51
Let k(o) = 2*o**2 - 15263*o + 213286. Calculate k(14).
-4
Let i(f) = 52511*f - 1995404. What is i(38)?
14
Let u(t) = t**3 - 10*t**2 + 353*t - 965. Determine u(3).
31
Let f(k) = -14827*k - 1868203. Give f(-126).
-1
Let s(x) = 537*x + 842. Determine s(-9).
-3991
Let f(r) = 6237*r**2 - 74842*r - 24. Give f(12).
0
Let b(o) = 2*o**3 + 139*o**2 - 10315*o + 451. Give b(45).
1
Let l(s) = s**2 + 85*s + 3095. Give l(-51).
1361
Let s(b) = -2*b**3 - 62*b**2 - 281*b + 201. Give s(-26).
747
Let y(k) = -37110*k - 7050909. Give y(-190).
-9
Let d(i) = 4*i**3 - 34*i**2 - 74*i + 543. Give d(8).
-177
Let y(w) = -4*w**2 + 664*w + 7691. Calculate y(177).
-97
Let i(p) = p**2 - 43*p - 35. Give i(0).
-35
Let l(z) = 349285*z + 9430693. What is l(-27)?
-2
Let f(o) = 5*o**2 + 265*o - 380. Calculate f(-55).
170
Let m(l) = -987*l + 11. What is m(0)?
11
Let p(q) = 2*q**3 + 1024*q**2 + 1038*q + 8179. Give p(-511).
3
Let x(o) = -226*o - 33822. What is x(-150)?
78
Let y(l) = -l**3 - 64*l**2 - 318*l + 1719. Calculate y(-58).
-21
Let i(t) = 136*t**2 - 870*t - 26. Give i(7).
548
Let z(m) = m**3 + 70*m**2 - 3539*m - 261. Calculate z(-104).
51
Let v(c) = -3*c**3 + 509*c**2 - 169*c - 28567. What is v(169)?
-6
Let h(b) = 2*b**3 + 123*b**2 + 475*b + 17672. Give h(-60).
-28
Let h(p) = 35*p**3 + 732*p**2 - 22*p + 53. What is h(-21)?
-808
Let v(u) = -2*u**3 + 56*u**2 - 413*u - 25. What is v(14)?
-319
Let u(h) = 10843*h - 433653. Give u(40).
67
Let v(s) = 221*s**2 + 399*s - 134. What is v(-2)?
-48
Let u(b) = -7*b**2 + 7372*b + 14746. Give u(-2).
-26
Let b(f) = 945*f**2 + 234*f - 23. Give b(2).
4225
Let n(s) = 2*s**2 + 8932*s + 80151. Give n(-9).
-75
Let o(g) = -g**3 + 126*g**2 + 418*g - 36949. Calculate o(127).
8
Let b(r) = -2*r**2 - 324*r - 7335. Determine b(-135).
-45
Let f(c) = 158*c**2 - 1247*c - 79. Determine f(8).
57
Let v(r) = -134659*r - 673288. Give v(-5).
7
Let i(k) = -1682*k + 8498. What is i(5)?
88
Let x(v) = -15895*v**2 + 79482*v - 4. Give x(5).
31
Let s(b) = 97*b - 7275. Determine s(75).
0
Let v(i) = i**2 - 2920*i - 535102. What is v(-173)?
-13
Let r(x) = -45*x**2 + 1590*x - 432. Determine r(35).
93
Let q(n) = 19*n**3 - 3294*n**2 - 56124*n - 1699. Determine q(189).
2
Let d(r) = -20*r**3 - 10195*r**2 - 20390*r. Give d(-2).
160
Let k(u) = -4132*u + 65345. Determine k(17).
-4899
Let v(m) = -m**3 + 36*m**2 + 15*m - 2160. Calculate v(36).
-1620
Let j(a) = 4*a**2 - 12636*a + 201169. Give j(16).
17
Let y(t) = t**3 - 51*t**2 - 7753*t + 79420. Calculate y(-72).
4
Let k(b) = -b**3 - 207*b**2 + 1136*b + 61618. What is k(-211)?
6
Let t(r) = -932*r**3 - 3723*r**2 + 28*r + 22. Give t(-4).
-10
Let m(q) = -1867*q + 35386. Give m(19).
-87
Let t(k) = 13083*k + 52095. Give t(-4).
-237
Let m(s) = 2067*s - 14480. Determine m(7).
-11
Let m(u) = -u**3 - 78*u**2 - 932*u + 349. Determine m(-63).
-470
Let f(p) = 480*p**2 + 3831*p - 85. Determine f(-8).
-13
Let v(h) = 3*h**2 + 335*h + 7319. Determine v(-85).
519
Let n(i) = -26*i**3 + 1232*i**2 + 767*i + 43. Calculate n(48).
-5
Let a(f) = -9*f**2 - 1663*f + 5591. Calculate a(-188).
139
Let c(z) = 22*z**2 - 537*z - 599. Calculate c(-1).
-40
Let r(a) = -2*a**2 + 11452*a + 57345. What is r(-5)?
35
Let g(n) = -n**3 + 1511*n**2 - 5793*n - 354164. Give g(1507).
-19
Let u(l) = 2*l**2 + 424*l - 6011. What is u(13)?
-161
Let n(m) = -12362*m**2 + 148361*m - 209. What is n(12)?
-5
Let h(x) = -3*x**3 - 15*x**2 + 560*x - 839. Give h(-17).
45
Let b(l) = -394*l + 8075. Give b(21).
-199
Let a(d) = 1348*d - 39175. What is a(29)?
-83
Let t(o) = -50*o - 3935. What is t(-82)?
165
Let q(y) = 2*y**3 - 26*y**2 - 101*y + 118. What is q(16)?
38
Let c(j) = -91*j**3 - 4827*j**2 - 227*j - 766. Determine c(-53).
29
Let p(j) = 10*j**3 - 2*j**2 - 1688*j + 317. What is p(13)?
5
Let f(h) = h**3 - 186*h**2 + 392*h - 4491. Calculate f(184).
-75
Let s(r) = -12*r**3 + 93*r**2 - 352*r - 141. Calculate s(4).
-829
Let u(c) = 14*c**2 + 812*c + 7654. Calculate u(-9).
1480
Let c(q) = -q**2 + 128*q - 3669. Give c(44).
27
Let v(t) = 2*t**2 + 194*t - 3086. What is v(-111)?
22
Let y(x) = -x**3 - 12*x**2 - 1626*x - 26841. Calculate y(-16).
199
Let s(d) = -d**3 + 42*d**2 + 73*d - 977. Give s(43).
313
Let i(n) = -n**2 - 42088*n - 24401994. Determine i(-588).
6
Let t(r) = -2*r**3 + 16*r**2 + 716*r + 1506. Calculate t(24).
258
Let w(j) = -2*j**3 + 37*j**2 - 113*j + 3060. Determine w(20).
-400
Let g(k) = -k**3 + 162*k**2 - 11*k - 24115. What is g(161)?
35
Let d(h) = 36*h**3 + 293*h**2 - 42*h - 419. What is d(-8)?
237
Let o(r) = -3*r**3 - 411*r**2 + 411*r - 131. Determine o(-138).
283
Let m(c) = -5*c**3 - 227*c**2 - 1394*c + 465. Calculate m(-38).
9
Let d(b) = 34*b - 303. Determine d(16).
241
Let q(v) = 6*v**2 + 958*v + 37919. Determine q(-87).
-13
Let d(r) = 290*r**2 - 1176*r - 7. Give d(4).
-71
Let n(u) = -8*u**2 - 825*u - 58. Give n(-104).
-786
Let w(y) = 5*y**3 - 112*y**2 - 85*y + 3. Determine w(-1).
-29
Let l(q) = 56535*q - 169335. Calculate l(3).
270
Let p(r) = -r**3 + 59*r**2 + 1099*r + 815. Give p(74).
1
Let f(g) = -g**3 - 3*g**2 - 93378*g - 560335. Calculate f(-6).
41
Let t(y) = y**3 - 119*y**2 - 1684*y - 4274. Give t(132).
-50
Let n(a) = 145781*a + 1603445. Calculate n(-11).
-146
Let n(c) = -c**3 + 321*c**2 - 1631*c + 245. Give n(5).
-10
Let m(k) = 7*k**3 - k**2 - 884*k + 5254. Determine m(6).
1426
Let j(g) = -2630*g + 104159. Calculate j(39).
1589
Let n(u) = -u**3 - 7*u**2 - 168*u + 2325. Determine n(8).
21
Let w(j) = -j**3 + 154*j**2 - 610*j + 118835. Calculate w(155).
260
Let h(p) = -518*p**2 + 3278*p + 12. Determine h(6).
1032
Let p(h) = 25*h**2 - 665*h + 4048. Determine p(15).
-302
Let t(p) = 1718*p - 15468. Determine t(9).
-6
Let m(g) = 2*g**2 + 2508*g + 491345. Give m(-243).
-1
Let g(m) = -2*m**3 + 14*m**2 + 467*m - 3579. What is g(8)?
29
Let a(h) = 10054*h + 2503454. Give a(-249).
8
Let z(x) = x**3 + 80*x**2 + 265*x + 14656. Calculate z(-79).
-38
Let d(s) = -s**3 + 35*s**2 + 292*s + 261. Calculate d(-6).
-15
Let z(l) = 10340*l + 2005842. What is z(-194)?
-118
Let l(q) = -q**2 - 81*q - 88. Calculate l(-66).
902
Let f(q) = -286201*q**2 + 1144807*q - 16. Determine f(4).
-4
Let m(y) = -35*y**2 + 1028*y - 2233. Give m(27).
8
Let q(g) = -13*g + 2052. Give q(197).
-509
Let g(i) = i**2 - 1328*i + 200784. What is g(174)?
-12
Let k(s) = -273*s - 90. What is k(-15)?
4005
Let c(q) = q**3 - 17*q**2 + 118*q + 1533. Determine c(-6).
-3
Let p(d) = -14*d**3 - 40*d**2 - 87*d - 291. What is p(-3)?
-12
Let y(x) = -4*x**2 + 296*x - 9017. Give y(39).
-3557
Let t(j) = j**3 - 10*j**2 + 49*j - 152. Determine t(6).
-2
Let o(z) = z**3 - 476*z**2 + 23177*z - 1194. What is o(55)?
16
Let o(j) = -2808*j + 379090. Give o(135).
10
Let z(t) = -156*t + 18119. What is z(111)?
803
Let a(t) = 1843*t - 799869. Determine a(434).
-7
Let g(z) = -420*z - 21281. Give g(-51).
139
Let u(q) = -13*q**2 - 1199*q - 1996. Determine u(-90).
614
Let o(n) = -n**2 + 413*n - 22082. What is o(350)?
-32
Let t(q) = 425*q + 89377. Calculate t(-210).
127
Let g(a) = -351*a - 3740. What is g(-9)?
-581
Let r(q) = 275*q**2 - 14483*q - 4861. Give r(53).
15
Let g(t) = -2*t**3 + 236*t**2 + 249*t - 494. What is g(119)?
815
Let j(s) = 3542*s - 145067. What is j(41)?
155
Let y(b) = -b*